= h - -68. Let b = 100 - y. What are the prime factors of b?
3, 31
Let b(r) = -20*r - 174. Let p be b(16). Let m = p - -1274. What are the prime factors of m?
2, 3, 5, 13
Suppose 0 = -16*y + 8*y + 568. Suppose 77*i - 8532 = y*i. List the prime factors of i.
2, 3, 79
Let w be 8*219/6 + (-3 - -7). List the prime factors of -1 - (4 - (w + -3)).
2, 3
Suppose 0 = o + 2*w - 2019, 2003 = 11*o - 10*o - 2*w. What are the prime factors of o?
2011
Suppose 2*w - 4*m + 7*m = 461, -4*w + 2*m + 946 = 0. Let j be 8*1*(w/(-20) + 5). What are the prime factors of (1 - 37)*24/j*3?
2, 3
Let m be 2 + (-1)/(3/1350). Let i = m + 545. What are the prime factors of i?
97
Suppose 37*x - 544250 - 83159 = 0. What are the prime factors of x?
31, 547
Let c(k) = -k**3 + 2*k**2 + 7*k + 4. Let f be c(-2). Let a(x) = 11*x + 8. List the prime factors of a(f).
2, 37
Let g(q) = 2*q**2 + 6*q - 3. Let f be g(-4). Suppose 2*w - 607 = -f*z + 37, w = z + 315. What are the prime factors of w?
317
Let h = 6048 - -202. List the prime factors of h.
2, 5
Let k = -1764 - -37619. List the prime factors of k.
5, 71, 101
Suppose 9*d - 7*d - 19 = -3*v, -v = 5*d - 15. Suppose 0 = -3*l - 5*a + 2286, -l + 0*l + 763 = d*a. What are the prime factors of l?
757
Let h(c) = c**2 + 2*c - 38. Let u be h(10). Suppose n + u = 5*w, -3*w - 3*n + 71 = 11. Suppose -s = -104 + w. What are the prime factors of s?
3, 29
Let s(i) = i + 99. Let v be s(-34). What are the prime factors of (v/20)/(2/(-312)*-3)?
13
Let g = 2456 - -4931. List the prime factors of g.
83, 89
Let p(a) = -5 + 19 + 23*a - 9*a - 9*a - a**2. Let w be p(-4). Let s = w + 45. List the prime factors of s.
23
Suppose -203*n - 184*n = -15309333. List the prime factors of n.
13, 17, 179
Let n = -166 + 189. Suppose n = -6*j + 2183. List the prime factors of j.
2, 3, 5
Let d(k) = -110*k - 21. Let r(p) = 17*p - 53. Let y be r(3). What are the prime factors of d(y)?
199
Suppose 5*i - 55 = 45. Let o be (-1)/(-4) + 16235/i. Suppose -3*x - t = 2*t - 813, -2*t = 3*x - o. What are the prime factors of x?
2, 3, 5
What are the prime factors of ((-3414)/(-15))/((-4)/(-18)*(-57)/(-95))?
3, 569
Suppose 0 = -4*q, 2*k + 12 = -2*k - 4*q. Let m be -4 - (-48)/9 - (-1)/k. What are the prime factors of 2*(4 + m) + -2?
2
Let m(z) = -z + 7. Let r be m(7). Suppose r = 5*n - 5, 2*n = h - 3*n - 66. Suppose v - 190 = -5*q + 165, q - h = v. What are the prime factors of q?
71
Let i(t) = -137*t - 48. Let d(s) = 689*s + 239. Let r(u) = -2*d(u) - 11*i(u). List the prime factors of r(3).
19, 23
Suppose -5*t = 2*n, 59*n + 2*t + 9 = 60*n. List the prime factors of n.
5
Suppose -68*l + 182*l - 96*l - 125640 = 0. List the prime factors of l.
2, 5, 349
Suppose 8*c - 23098 = 1334. What are the prime factors of c?
2, 3, 509
Let c = -209 + 344. Suppose 0 = -6*d + 5*d - c. Let h = -78 - d. List the prime factors of h.
3, 19
Suppose -9*t = -10*t - 4*b + 5775, -b - 1 = 0. List the prime factors of t.
5779
Suppose 2*o = 13*o - 44. What are the prime factors of ((-50)/5 - o)/(4/(-134))?
7, 67
Let m(g) = 3*g + 65. Suppose -4 + 16 = 2*y - 5*t, -12 = -2*y - t. List the prime factors of m(y).
83
Let l = 83731 + -43268. List the prime factors of l.
43, 941
Suppose -5*u - 3336 = -126. List the prime factors of (-10)/((-40)/u)*(-16)/6.
2, 107
Suppose 0 = 8*t - 30 - 42. Suppose 0 = 2*n + 3 - t. Suppose b + m = -n*m + 27, 0 = 4*b - 3*m - 203. List the prime factors of b.
47
Suppose 11*z - 12*z = 0. Suppose -q = z, 2*q - 3*q = k - 326. List the prime factors of k.
2, 163
Suppose -123 - 75 = -6*z. Let j = z + 250. List the prime factors of j.
283
Let c = 9821 + -5705. List the prime factors of c.
2, 3, 7
Let r(h) = -h**3 + 25*h**2 - 24*h - 15. Let j be r(24). List the prime factors of ((-5118)/j)/((-44)/(-10) + -4).
853
Let y(k) = -5 + 2*k**3 + 14*k**2 + k**3 + 8*k - 14 - 4*k**3. Let b = 27 + -13. List the prime factors of y(b).
3, 31
Suppose -105*d + 107*d - 12546 = 0. List the prime factors of d.
3, 17, 41
Let j(x) = x**2 - 4*x + 5. Let z be j(5). Suppose 35*s = 67*s - 3520. What are the prime factors of 1004/z - (s/25 + -4)?
2, 5
Let v = -6 - -15. What are the prime factors of 2013/v + 3/9?
2, 7
Let l(a) = 10*a - 42. Suppose 3*g + k = g - 3, -3*g - 3*k - 9 = 0. Suppose 7*u - 201 + 40 = g. List the prime factors of l(u).
2, 47
Suppose 18120 = -125*t + 128*t. List the prime factors of t.
2, 5, 151
Let c = 59 - 58. Let b be (c*1718)/(7/((-35)/(-10))). Suppose 4*i = -247 + b. What are the prime factors of i?
3, 17
Let l(k) = 8350*k - 306. What are the prime factors of l(3)?
2, 3, 1031
Let g(b) = -2*b**3 - 19*b**2 + 7*b - 11. Let r be g(-10). Suppose r*j - 35*j = -13*j. What are the prime factors of j - (-87)/5 - (-21)/35?
2, 3
Let i be (-6)/8 - (-2061)/(-36). Let r = 28 + i. List the prime factors of (r/9)/((-4)/27)*2.
3, 5
Let w = 584 - 602. What are the prime factors of (-4)/(-18) - 10058/w?
13, 43
List the prime factors of (594/21)/(63/1323).
2, 3, 11
Let p(i) = 86*i**2 - i + 2. Let h be p(1). Suppose 6*y + 69 - h = 0. Suppose -4*j = y*t - 414, j = -4*t + 51 + 59. List the prime factors of j.
2, 3, 17
Let n be (4 - 0)/(-16)*(-23 + -1). Let x(i) be the second derivative of -i**5/20 + 7*i**4/12 + 5*i**3/6 + 6*i**2 + i. List the prime factors of x(n).
2, 3, 13
Let f(i) = i**2 + 14*i - 74. Let u be f(-36). Let c = u - 334. What are the prime factors of c?
2, 3
Let i(t) = -49*t - 60. Let v be i(-19). Let z(y) = -y**3 - 2*y**2 + 4*y + 1. Let o be z(-4). Suppose 4*n + v = o*n. What are the prime factors of n?
67
Let i(u) = 4*u**3 - 15*u**2 + 8*u - 38. List the prime factors of i(12).
2, 5, 13, 37
Let t be 151/(-4) - 1/4. Let q be (5 - 0 - 18/(54/15)) + -67. Let b = t - q. List the prime factors of b.
29
Suppose 2*v = r + 43026, -v = -4*r + 1294 - 22828. What are the prime factors of v?
2, 3, 5, 239
List the prime factors of ((-747890)/156)/55*-162.
3, 523
Let k(u) be the second derivative of -15*u**5/4 - u**4/6 + u**2/2 - 2*u. Let h be 5/(-4) + (-1)/(-4). What are the prime factors of k(h)?
2, 37
Suppose -184311 + 844023 = 24*z. What are the prime factors of z?
2, 859
Let m be 357/70 - (-4)/(-40). Suppose 56*z = 59*z - m*o - 1592, z - 524 = -5*o. List the prime factors of z.
23
Suppose 76 = -2*l + 52. Let q be 45*(2/l)/((-11)/22). Suppose -3*v + 600 = -3*c - c, -q = -5*c. List the prime factors of v.
2, 3, 17
Suppose 886*b + 6375 + 8973 = 888*b. What are the prime factors of b?
2, 3, 1279
Let s be (-6)/(0 - (-8)/(-12)). Let r be 1*-1 - (s - 12). Suppose 40 = o + 2*x, 5*o + 4*x = r*o + 130. What are the prime factors of o?
2, 5
Suppose -20 = 4*s, 7*q - 5*q + s = 15. Let z be (-6 + 2)/(-2) + 180/q. Let m(x) = -x**3 + 20*x**2 + 5*x + 43. What are the prime factors of m(z)?
11, 13
Suppose 0 = 127*d - 115*d - 5724. Suppose g + 2*v = d, -v + 200 = g - 280. List the prime factors of g.
3, 7, 23
Suppose -275*f + 266*f + 88272 = 0. List the prime factors of f.
2, 613
Suppose -d + 2*z + 23 = 0, 5*d + 29 = 5*z + 124. Suppose 0 = 6*i - d + 3. Suppose 5*g + 3*s - 1014 = 0, -3*g - i*s - 2*s + 615 = 0. List the prime factors of g.
3, 67
Let t(y) = 594*y**2 + 132*y - 2. What are the prime factors of t(-6)?
2, 5, 29, 71
Suppose 47*c - 48*c + 5*d = -8840, 4*c + 4*d - 35288 = 0. What are the prime factors of c?
5, 353
Let n(w) = -w**2 + 12*w - 16. Let y be n(10). Suppose -2 + 22 = -y*j. Let i(f) = -f**3 - 2*f + 3. What are the prime factors of i(j)?
2, 3, 23
Let d = 1531 - 908. Suppose -2*y + d - 155 = 0. What are the prime factors of y?
2, 3, 13
Let b be -2 - (2 + (-22)/2) - 5. What are the prime factors of (3344/(-57))/(b/(-6))?
2, 11
Let t be -7*(804/84 - (-1 - -2)). Let w = t - -62. What are the prime factors of 6*w/4*(-3 + 30)?
3
What are the prime factors of -8 + (-227020)/(26 + -46)?
3, 19, 199
Let f(s) = 9*s - 7. Let y be f(3). Let m(b) = 25*b**2 - 31*b**2 - 17*b + 27*b**2 - 2 - b**3. What are the prime factors of m(y)?
2, 29
Suppose 23*w - 363280 - 534781 = 42202. List the prime factors of w.
3, 13627
Suppose 8*b = 6584 - 1944. Let a = b + -373. What are the prime factors of a?
3, 23
Let t = 2598 - 1772. Suppose -3*o - 829 = -4*y, -o - o = -4*y + t. List the prime factors of y.
5, 41
Let r = -46 - -52. Let c(p) = p**2 + 3*p - 7. Let l be c(-5). Suppose -l*t + 0 = -r. What are the prime factors of t?
2
Let d = 518 +